{"id":78767,"date":"2026-01-02T10:29:16","date_gmt":"2026-01-02T09:29:16","guid":{"rendered":"https:\/\/labreva.com\/?post_type=anlage&#038;p=78767"},"modified":"2026-01-13T14:55:37","modified_gmt":"2026-01-13T13:55:37","slug":"sole","status":"publish","type":"anlage","link":"https:\/\/labreva.com\/de\/hausdetailseite\/sole\/","title":{"rendered":"Sole"},"excerpt":{"rendered":"<p>Das Ferienhaus del Sole liegt in einer Gartenoase oberhalb von Colico. Nahe der Bucht Piona in sch\u00f6ner Hanglage mit Blick auf die umliegende Bergkulisse, umgeben von Natur: Wiesen, Felder und ein Bergbach, einigen Wohnh\u00e4usern in der Nachbarschaft.\u00a0Sie erwartet ein idyllischer, gro\u00dfer Garten mit vielen Palmen, Obstb\u00e4umen und bl\u00fchenden Str\u00e4uchern. Zur Gartenseite\u00a0\u00a0ist der solarbeheizte, unterwasserbeleuchtete Pool und\u00a0das Kinderpool\u00a0sowie die\u00a0Gartenspielger\u00e4te\u00a0mit Blick auf den Hausberg Monte Legnone, den See und das Alpenpanorama.<\/p>\n","protected":false},"featured_media":8459,"template":"","meta":{"_acf_changed":false},"class_list":["post-78767","anlage","type-anlage","status-publish","has-post-thumbnail","hentry"],"acf":[],"yoast_head":"<!-- This site is optimized with the Yoast SEO plugin v27.3 - https:\/\/yoast.com\/product\/yoast-seo-wordpress\/ -->\n<title>Sole - LABREVA - Feriendomizile am Comer See<\/title>\n<meta name=\"robots\" content=\"index, follow, max-snippet:-1, max-image-preview:large, max-video-preview:-1\" \/>\n<link rel=\"canonical\" href=\"https:\/\/labreva.com\/de\/hausdetailseite\/sole\/\" \/>\n<meta property=\"og:locale\" content=\"de_DE\" \/>\n<meta property=\"og:type\" content=\"article\" \/>\n<meta property=\"og:title\" content=\"Sole - LABREVA - Feriendomizile am Comer See\" \/>\n<meta property=\"og:description\" content=\"Das Ferienhaus del Sole liegt in einer Gartenoase oberhalb von Colico. Nahe der Bucht Piona in sch\u00f6ner Hanglage mit Blick auf die umliegende Bergkulisse, umgeben von Natur: Wiesen, Felder und ein Bergbach, einigen Wohnh\u00e4usern in der Nachbarschaft.\u00a0Sie erwartet ein idyllischer, gro\u00dfer Garten mit vielen Palmen, Obstb\u00e4umen und bl\u00fchenden Str\u00e4uchern. Zur Gartenseite\u00a0\u00a0ist der solarbeheizte, unterwasserbeleuchtete Pool und\u00a0das Kinderpool\u00a0sowie die\u00a0Gartenspielger\u00e4te\u00a0mit Blick auf den Hausberg Monte Legnone, den See und das Alpenpanorama.\" \/>\n<meta property=\"og:url\" content=\"https:\/\/labreva.com\/de\/hausdetailseite\/sole\/\" \/>\n<meta property=\"og:site_name\" content=\"LABREVA - Feriendomizile am Comer See\" \/>\n<meta property=\"article:modified_time\" content=\"2026-01-13T13:55:37+00:00\" \/>\n<meta property=\"og:image\" content=\"https:\/\/labreva.com\/wp-content\/uploads\/2025\/12\/Sole.jpg\" \/>\n\t<meta property=\"og:image:width\" content=\"2048\" \/>\n\t<meta property=\"og:image:height\" content=\"1536\" \/>\n\t<meta property=\"og:image:type\" content=\"image\/jpeg\" \/>\n<meta name=\"twitter:card\" content=\"summary_large_image\" \/>\n<meta name=\"twitter:label1\" content=\"Gesch\u00e4tzte Lesezeit\" \/>\n\t<meta name=\"twitter:data1\" content=\"1\u00a0Minute\" \/>\n<script type=\"application\/ld+json\" class=\"yoast-schema-graph\">{\"@context\":\"https:\\\/\\\/schema.org\",\"@graph\":[{\"@type\":\"WebPage\",\"@id\":\"https:\\\/\\\/labreva.com\\\/de\\\/hausdetailseite\\\/sole\\\/\",\"url\":\"https:\\\/\\\/labreva.com\\\/de\\\/hausdetailseite\\\/sole\\\/\",\"name\":\"Sole - LABREVA - Feriendomizile am Comer See\",\"isPartOf\":{\"@id\":\"https:\\\/\\\/labreva.com\\\/de\\\/#website\"},\"primaryImageOfPage\":{\"@id\":\"https:\\\/\\\/labreva.com\\\/de\\\/hausdetailseite\\\/sole\\\/#primaryimage\"},\"image\":{\"@id\":\"https:\\\/\\\/labreva.com\\\/de\\\/hausdetailseite\\\/sole\\\/#primaryimage\"},\"thumbnailUrl\":\"https:\\\/\\\/labreva.com\\\/wp-content\\\/uploads\\\/2025\\\/12\\\/Sole.jpg\",\"datePublished\":\"2026-01-02T09:29:16+00:00\",\"dateModified\":\"2026-01-13T13:55:37+00:00\",\"breadcrumb\":{\"@id\":\"https:\\\/\\\/labreva.com\\\/de\\\/hausdetailseite\\\/sole\\\/#breadcrumb\"},\"inLanguage\":\"de\",\"potentialAction\":[{\"@type\":\"ReadAction\",\"target\":[\"https:\\\/\\\/labreva.com\\\/de\\\/hausdetailseite\\\/sole\\\/\"]}]},{\"@type\":\"ImageObject\",\"inLanguage\":\"de\",\"@id\":\"https:\\\/\\\/labreva.com\\\/de\\\/hausdetailseite\\\/sole\\\/#primaryimage\",\"url\":\"https:\\\/\\\/labreva.com\\\/wp-content\\\/uploads\\\/2025\\\/12\\\/Sole.jpg\",\"contentUrl\":\"https:\\\/\\\/labreva.com\\\/wp-content\\\/uploads\\\/2025\\\/12\\\/Sole.jpg\",\"width\":2048,\"height\":1536},{\"@type\":\"BreadcrumbList\",\"@id\":\"https:\\\/\\\/labreva.com\\\/de\\\/hausdetailseite\\\/sole\\\/#breadcrumb\",\"itemListElement\":[{\"@type\":\"ListItem\",\"position\":1,\"name\":\"Startseite\",\"item\":\"https:\\\/\\\/labreva.com\\\/de\\\/\"},{\"@type\":\"ListItem\",\"position\":2,\"name\":\"Sole\"}]},{\"@type\":\"WebSite\",\"@id\":\"https:\\\/\\\/labreva.com\\\/de\\\/#website\",\"url\":\"https:\\\/\\\/labreva.com\\\/de\\\/\",\"name\":\"LABREVA - Feriendomizile am Comer See\",\"description\":\"\",\"publisher\":{\"@id\":\"https:\\\/\\\/labreva.com\\\/de\\\/#organization\"},\"potentialAction\":[{\"@type\":\"SearchAction\",\"target\":{\"@type\":\"EntryPoint\",\"urlTemplate\":\"https:\\\/\\\/labreva.com\\\/de\\\/?s={search_term_string}\"},\"query-input\":{\"@type\":\"PropertyValueSpecification\",\"valueRequired\":true,\"valueName\":\"search_term_string\"}}],\"inLanguage\":\"de\"},{\"@type\":\"Organization\",\"@id\":\"https:\\\/\\\/labreva.com\\\/de\\\/#organization\",\"name\":\"LABREVA - Feriendomizile am Comer See\",\"url\":\"https:\\\/\\\/labreva.com\\\/de\\\/\",\"logo\":{\"@type\":\"ImageObject\",\"inLanguage\":\"de\",\"@id\":\"https:\\\/\\\/labreva.com\\\/de\\\/#\\\/schema\\\/logo\\\/image\\\/\",\"url\":\"https:\\\/\\\/labreva.com\\\/wp-content\\\/uploads\\\/2025\\\/11\\\/Labreva_Logo_RGB_5.svg\",\"contentUrl\":\"https:\\\/\\\/labreva.com\\\/wp-content\\\/uploads\\\/2025\\\/11\\\/Labreva_Logo_RGB_5.svg\",\"caption\":\"LABREVA - Feriendomizile am Comer See\"},\"image\":{\"@id\":\"https:\\\/\\\/labreva.com\\\/de\\\/#\\\/schema\\\/logo\\\/image\\\/\"}}]}<\/script>\n<!-- \/ Yoast SEO plugin. -->","yoast_head_json":{"title":"Sole - LABREVA - Feriendomizile am Comer See","robots":{"index":"index","follow":"follow","max-snippet":"max-snippet:-1","max-image-preview":"max-image-preview:large","max-video-preview":"max-video-preview:-1"},"canonical":"https:\/\/labreva.com\/de\/hausdetailseite\/sole\/","og_locale":"de_DE","og_type":"article","og_title":"Sole - LABREVA - Feriendomizile am Comer See","og_description":"Das Ferienhaus del Sole liegt in einer Gartenoase oberhalb von Colico. Nahe der Bucht Piona in sch\u00f6ner Hanglage mit Blick auf die umliegende Bergkulisse, umgeben von Natur: Wiesen, Felder und ein Bergbach, einigen Wohnh\u00e4usern in der Nachbarschaft.\u00a0Sie erwartet ein idyllischer, gro\u00dfer Garten mit vielen Palmen, Obstb\u00e4umen und bl\u00fchenden Str\u00e4uchern. Zur Gartenseite\u00a0\u00a0ist der solarbeheizte, unterwasserbeleuchtete Pool und\u00a0das Kinderpool\u00a0sowie die\u00a0Gartenspielger\u00e4te\u00a0mit Blick auf den Hausberg Monte Legnone, den See und das Alpenpanorama.","og_url":"https:\/\/labreva.com\/de\/hausdetailseite\/sole\/","og_site_name":"LABREVA - Feriendomizile am Comer See","article_modified_time":"2026-01-13T13:55:37+00:00","og_image":[{"width":2048,"height":1536,"url":"https:\/\/labreva.com\/wp-content\/uploads\/2025\/12\/Sole.jpg","type":"image\/jpeg"}],"twitter_card":"summary_large_image","twitter_misc":{"Gesch\u00e4tzte Lesezeit":"1\u00a0Minute"},"schema":{"@context":"https:\/\/schema.org","@graph":[{"@type":"WebPage","@id":"https:\/\/labreva.com\/de\/hausdetailseite\/sole\/","url":"https:\/\/labreva.com\/de\/hausdetailseite\/sole\/","name":"Sole - LABREVA - Feriendomizile am Comer See","isPartOf":{"@id":"https:\/\/labreva.com\/de\/#website"},"primaryImageOfPage":{"@id":"https:\/\/labreva.com\/de\/hausdetailseite\/sole\/#primaryimage"},"image":{"@id":"https:\/\/labreva.com\/de\/hausdetailseite\/sole\/#primaryimage"},"thumbnailUrl":"https:\/\/labreva.com\/wp-content\/uploads\/2025\/12\/Sole.jpg","datePublished":"2026-01-02T09:29:16+00:00","dateModified":"2026-01-13T13:55:37+00:00","breadcrumb":{"@id":"https:\/\/labreva.com\/de\/hausdetailseite\/sole\/#breadcrumb"},"inLanguage":"de","potentialAction":[{"@type":"ReadAction","target":["https:\/\/labreva.com\/de\/hausdetailseite\/sole\/"]}]},{"@type":"ImageObject","inLanguage":"de","@id":"https:\/\/labreva.com\/de\/hausdetailseite\/sole\/#primaryimage","url":"https:\/\/labreva.com\/wp-content\/uploads\/2025\/12\/Sole.jpg","contentUrl":"https:\/\/labreva.com\/wp-content\/uploads\/2025\/12\/Sole.jpg","width":2048,"height":1536},{"@type":"BreadcrumbList","@id":"https:\/\/labreva.com\/de\/hausdetailseite\/sole\/#breadcrumb","itemListElement":[{"@type":"ListItem","position":1,"name":"Startseite","item":"https:\/\/labreva.com\/de\/"},{"@type":"ListItem","position":2,"name":"Sole"}]},{"@type":"WebSite","@id":"https:\/\/labreva.com\/de\/#website","url":"https:\/\/labreva.com\/de\/","name":"LABREVA - Feriendomizile am Comer See","description":"","publisher":{"@id":"https:\/\/labreva.com\/de\/#organization"},"potentialAction":[{"@type":"SearchAction","target":{"@type":"EntryPoint","urlTemplate":"https:\/\/labreva.com\/de\/?s={search_term_string}"},"query-input":{"@type":"PropertyValueSpecification","valueRequired":true,"valueName":"search_term_string"}}],"inLanguage":"de"},{"@type":"Organization","@id":"https:\/\/labreva.com\/de\/#organization","name":"LABREVA - Feriendomizile am Comer See","url":"https:\/\/labreva.com\/de\/","logo":{"@type":"ImageObject","inLanguage":"de","@id":"https:\/\/labreva.com\/de\/#\/schema\/logo\/image\/","url":"https:\/\/labreva.com\/wp-content\/uploads\/2025\/11\/Labreva_Logo_RGB_5.svg","contentUrl":"https:\/\/labreva.com\/wp-content\/uploads\/2025\/11\/Labreva_Logo_RGB_5.svg","caption":"LABREVA - Feriendomizile am Comer See"},"image":{"@id":"https:\/\/labreva.com\/de\/#\/schema\/logo\/image\/"}}]}},"_links":{"self":[{"href":"https:\/\/labreva.com\/de\/wp-json\/wp\/v2\/anlage\/78767","targetHints":{"allow":["GET"]}}],"collection":[{"href":"https:\/\/labreva.com\/de\/wp-json\/wp\/v2\/anlage"}],"about":[{"href":"https:\/\/labreva.com\/de\/wp-json\/wp\/v2\/types\/anlage"}],"wp:featuredmedia":[{"embeddable":true,"href":"https:\/\/labreva.com\/de\/wp-json\/wp\/v2\/media\/8459"}],"wp:attachment":[{"href":"https:\/\/labreva.com\/de\/wp-json\/wp\/v2\/media?parent=78767"}],"curies":[{"name":"wp","href":"https:\/\/api.w.org\/{rel}","templated":true}]}}

<p>Das Ferienhaus del Sole liegt in einer Gartenoase oberhalb von Colico. Nahe der Bucht Piona in schöner Hanglage mit Blick auf die umliegende Bergkulisse, umgeben von Natur: Wiesen, Felder und ein Bergbach, einigen Wohnhäusern in der Nachbarschaft. Sie erwartet ein idyllischer, großer Garten mit vielen Palmen, Obstbäumen und blühenden Sträuchern. Zur Gartenseite  ist der solarbeheizte, unterwasserbeleuchtete Pool und das Kinderpool sowie die Gartenspielgeräte mit Blick auf den Hausberg Monte Legnone, den See und das Alpenpanorama.</p>

<!-- This site is optimized with the Yoast SEO plugin v27.3 - https://yoast.com/product/yoast-seo-wordpress/ -->
<title>Sole - LABREVA - Feriendomizile am Comer See</title>
<meta name="robots" content="index, follow, max-snippet:-1, max-image-preview:large, max-video-preview:-1" />
<link rel="canonical" href="https://labreva.com/de/hausdetailseite/sole/" />
<meta property="og:locale" content="de_DE" />
<meta property="og:type" content="article" />
<meta property="og:title" content="Sole - LABREVA - Feriendomizile am Comer See" />
<meta property="og:description" content="Das Ferienhaus del Sole liegt in einer Gartenoase oberhalb von Colico. Nahe der Bucht Piona in schöner Hanglage mit Blick auf die umliegende Bergkulisse, umgeben von Natur: Wiesen, Felder und ein Bergbach, einigen Wohnhäusern in der Nachbarschaft. Sie erwartet ein idyllischer, großer Garten mit vielen Palmen, Obstbäumen und blühenden Sträuchern. Zur Gartenseite  ist der solarbeheizte, unterwasserbeleuchtete Pool und das Kinderpool sowie die Gartenspielgeräte mit Blick auf den Hausberg Monte Legnone, den See und das Alpenpanorama." />
<meta property="og:url" content="https://labreva.com/de/hausdetailseite/sole/" />
<meta property="og:site_name" content="LABREVA - Feriendomizile am Comer See" />
<meta property="article:modified_time" content="2026-01-13T13:55:37+00:00" />
<meta property="og:image" content="https://labreva.com/wp-content/uploads/2025/12/Sole.jpg" />
	<meta property="og:image:width" content="2048" />
	<meta property="og:image:height" content="1536" />
	<meta property="og:image:type" content="image/jpeg" />
<meta name="twitter:card" content="summary_large_image" />
<meta name="twitter:label1" content="Geschätzte Lesezeit" />
	<meta name="twitter:data1" content="1 Minute" />
<script type="application/ld+json" class="yoast-schema-graph">{"@context":"https:\/\/schema.org","@graph":[{"@type":"WebPage","@id":"https:\/\/labreva.com\/de\/hausdetailseite\/sole\/","url":"https:\/\/labreva.com\/de\/hausdetailseite\/sole\/","name":"Sole - LABREVA - Feriendomizile am Comer See","isPartOf":{"@id":"https:\/\/labreva.com\/de\/#website"},"primaryImageOfPage":{"@id":"https:\/\/labreva.com\/de\/hausdetailseite\/sole\/#primaryimage"},"image":{"@id":"https:\/\/labreva.com\/de\/hausdetailseite\/sole\/#primaryimage"},"thumbnailUrl":"https:\/\/labreva.com\/wp-content\/uploads\/2025\/12\/Sole.jpg","datePublished":"2026-01-02T09:29:16+00:00","dateModified":"2026-01-13T13:55:37+00:00","breadcrumb":{"@id":"https:\/\/labreva.com\/de\/hausdetailseite\/sole\/#breadcrumb"},"inLanguage":"de","potentialAction":[{"@type":"ReadAction","target":["https:\/\/labreva.com\/de\/hausdetailseite\/sole\/"]}]},{"@type":"ImageObject","inLanguage":"de","@id":"https:\/\/labreva.com\/de\/hausdetailseite\/sole\/#primaryimage","url":"https:\/\/labreva.com\/wp-content\/uploads\/2025\/12\/Sole.jpg","contentUrl":"https:\/\/labreva.com\/wp-content\/uploads\/2025\/12\/Sole.jpg","width":2048,"height":1536},{"@type":"BreadcrumbList","@id":"https:\/\/labreva.com\/de\/hausdetailseite\/sole\/#breadcrumb","itemListElement":[{"@type":"ListItem","position":1,"name":"Startseite","item":"https:\/\/labreva.com\/de\/"},{"@type":"ListItem","position":2,"name":"Sole"}]},{"@type":"WebSite","@id":"https:\/\/labreva.com\/de\/#website","url":"https:\/\/labreva.com\/de\/","name":"LABREVA - Feriendomizile am Comer See","description":"","publisher":{"@id":"https:\/\/labreva.com\/de\/#organization"},"potentialAction":[{"@type":"SearchAction","target":{"@type":"EntryPoint","urlTemplate":"https:\/\/labreva.com\/de\/?s={search_term_string}"},"query-input":{"@type":"PropertyValueSpecification","valueRequired":true,"valueName":"search_term_string"}}],"inLanguage":"de"},{"@type":"Organization","@id":"https:\/\/labreva.com\/de\/#organization","name":"LABREVA - Feriendomizile am Comer See","url":"https:\/\/labreva.com\/de\/","logo":{"@type":"ImageObject","inLanguage":"de","@id":"https:\/\/labreva.com\/de\/#\/schema\/logo\/image\/","url":"https:\/\/labreva.com\/wp-content\/uploads\/2025\/11\/Labreva_Logo_RGB_5.svg","contentUrl":"https:\/\/labreva.com\/wp-content\/uploads\/2025\/11\/Labreva_Logo_RGB_5.svg","caption":"LABREVA - Feriendomizile am Comer See"},"image":{"@id":"https:\/\/labreva.com\/de\/#\/schema\/logo\/image\/"}}]}</script>
<!-- / Yoast SEO plugin. -->

Das Ferienhaus del Sole liegt in einer Gartenoase oberhalb von Colico. Nahe der Bucht Piona in schöner Hanglage mit Blick auf die umliegende Bergkulisse, umgeben von Natur: Wiesen, Felder und ein Bergbach, einigen Wohnhäusern in der Nachbarschaft. Sie erwartet ein idyllischer, großer Garten mit vielen Palmen, Obstbäumen und blühenden Sträuchern. Zur Gartenseite  ist der solarbeheizte, unterwasserbeleuchtete Pool und das Kinderpool sowie die Gartenspielgeräte mit Blick auf den Hausberg Monte Legnone, den See und das Alpenpanorama.
