{"id":78744,"date":"2026-01-02T10:03:21","date_gmt":"2026-01-02T09:03:21","guid":{"rendered":"https:\/\/labreva.com\/?post_type=anlage&#038;p=78744"},"modified":"2026-01-20T17:43:09","modified_gmt":"2026-01-20T16:43:09","slug":"nido-sul-lago","status":"publish","type":"anlage","link":"https:\/\/labreva.com\/de\/hausdetailseite\/nido-sul-lago\/","title":{"rendered":"Nido sul Lago"},"excerpt":{"rendered":"<p>Dolce Vita pur erleben Sie hier in Nido sul Lago, \u00fcbersetzt das gem\u00fctliche &#8222;Nest&#8220; im romantischen St\u00e4dtchen Bellano am Ostufer des Comer Sees. Sie befinden sich direkt am\u00a0See und haben einen grandiosen Blick \u00fcber den See und auf die Berge des gegen\u00fcberliegenden Ufers. <\/p>\n","protected":false},"featured_media":8466,"template":"","meta":{"_acf_changed":false},"class_list":["post-78744","anlage","type-anlage","status-publish","has-post-thumbnail","hentry"],"acf":[],"yoast_head":"<!-- This site is optimized with the Yoast SEO plugin v27.3 - https:\/\/yoast.com\/product\/yoast-seo-wordpress\/ -->\n<title>Nido sul Lago - LABREVA - Feriendomizile am Comer See<\/title>\n<meta name=\"robots\" content=\"index, follow, max-snippet:-1, max-image-preview:large, max-video-preview:-1\" \/>\n<link rel=\"canonical\" href=\"https:\/\/labreva.com\/de\/hausdetailseite\/nido-sul-lago\/\" \/>\n<meta property=\"og:locale\" content=\"de_DE\" \/>\n<meta property=\"og:type\" content=\"article\" \/>\n<meta property=\"og:title\" content=\"Nido sul Lago - LABREVA - Feriendomizile am Comer See\" \/>\n<meta property=\"og:description\" content=\"Dolce Vita pur erleben Sie hier in Nido sul Lago, \u00fcbersetzt das gem\u00fctliche &quot;Nest&quot; im romantischen St\u00e4dtchen Bellano am Ostufer des Comer Sees. Sie befinden sich direkt am\u00a0See und haben einen grandiosen Blick \u00fcber den See und auf die Berge des gegen\u00fcberliegenden Ufers.\" \/>\n<meta property=\"og:url\" content=\"https:\/\/labreva.com\/de\/hausdetailseite\/nido-sul-lago\/\" \/>\n<meta property=\"og:site_name\" content=\"LABREVA - Feriendomizile am Comer See\" \/>\n<meta property=\"article:modified_time\" content=\"2026-01-20T16:43:09+00:00\" \/>\n<meta property=\"og:image\" content=\"https:\/\/labreva.com\/wp-content\/uploads\/2025\/12\/Nido-sul-Lago.jpg\" \/>\n\t<meta property=\"og:image:width\" content=\"2048\" \/>\n\t<meta property=\"og:image:height\" content=\"1536\" \/>\n\t<meta property=\"og:image:type\" content=\"image\/jpeg\" \/>\n<meta name=\"twitter:card\" content=\"summary_large_image\" \/>\n<meta name=\"twitter:label1\" content=\"Gesch\u00e4tzte Lesezeit\" \/>\n\t<meta name=\"twitter:data1\" content=\"1\u00a0Minute\" \/>\n<script type=\"application\/ld+json\" class=\"yoast-schema-graph\">{\"@context\":\"https:\\\/\\\/schema.org\",\"@graph\":[{\"@type\":\"WebPage\",\"@id\":\"https:\\\/\\\/labreva.com\\\/de\\\/hausdetailseite\\\/nido-sul-lago\\\/\",\"url\":\"https:\\\/\\\/labreva.com\\\/de\\\/hausdetailseite\\\/nido-sul-lago\\\/\",\"name\":\"Nido sul Lago - LABREVA - Feriendomizile am Comer See\",\"isPartOf\":{\"@id\":\"https:\\\/\\\/labreva.com\\\/de\\\/#website\"},\"primaryImageOfPage\":{\"@id\":\"https:\\\/\\\/labreva.com\\\/de\\\/hausdetailseite\\\/nido-sul-lago\\\/#primaryimage\"},\"image\":{\"@id\":\"https:\\\/\\\/labreva.com\\\/de\\\/hausdetailseite\\\/nido-sul-lago\\\/#primaryimage\"},\"thumbnailUrl\":\"https:\\\/\\\/labreva.com\\\/wp-content\\\/uploads\\\/2025\\\/12\\\/Nido-sul-Lago.jpg\",\"datePublished\":\"2026-01-02T09:03:21+00:00\",\"dateModified\":\"2026-01-20T16:43:09+00:00\",\"breadcrumb\":{\"@id\":\"https:\\\/\\\/labreva.com\\\/de\\\/hausdetailseite\\\/nido-sul-lago\\\/#breadcrumb\"},\"inLanguage\":\"de\",\"potentialAction\":[{\"@type\":\"ReadAction\",\"target\":[\"https:\\\/\\\/labreva.com\\\/de\\\/hausdetailseite\\\/nido-sul-lago\\\/\"]}]},{\"@type\":\"ImageObject\",\"inLanguage\":\"de\",\"@id\":\"https:\\\/\\\/labreva.com\\\/de\\\/hausdetailseite\\\/nido-sul-lago\\\/#primaryimage\",\"url\":\"https:\\\/\\\/labreva.com\\\/wp-content\\\/uploads\\\/2025\\\/12\\\/Nido-sul-Lago.jpg\",\"contentUrl\":\"https:\\\/\\\/labreva.com\\\/wp-content\\\/uploads\\\/2025\\\/12\\\/Nido-sul-Lago.jpg\",\"width\":2048,\"height\":1536},{\"@type\":\"BreadcrumbList\",\"@id\":\"https:\\\/\\\/labreva.com\\\/de\\\/hausdetailseite\\\/nido-sul-lago\\\/#breadcrumb\",\"itemListElement\":[{\"@type\":\"ListItem\",\"position\":1,\"name\":\"Startseite\",\"item\":\"https:\\\/\\\/labreva.com\\\/de\\\/\"},{\"@type\":\"ListItem\",\"position\":2,\"name\":\"Nido sul Lago\"}]},{\"@type\":\"WebSite\",\"@id\":\"https:\\\/\\\/labreva.com\\\/de\\\/#website\",\"url\":\"https:\\\/\\\/labreva.com\\\/de\\\/\",\"name\":\"LABREVA - Feriendomizile am Comer See\",\"description\":\"\",\"publisher\":{\"@id\":\"https:\\\/\\\/labreva.com\\\/de\\\/#organization\"},\"potentialAction\":[{\"@type\":\"SearchAction\",\"target\":{\"@type\":\"EntryPoint\",\"urlTemplate\":\"https:\\\/\\\/labreva.com\\\/de\\\/?s={search_term_string}\"},\"query-input\":{\"@type\":\"PropertyValueSpecification\",\"valueRequired\":true,\"valueName\":\"search_term_string\"}}],\"inLanguage\":\"de\"},{\"@type\":\"Organization\",\"@id\":\"https:\\\/\\\/labreva.com\\\/de\\\/#organization\",\"name\":\"LABREVA - Feriendomizile am Comer See\",\"url\":\"https:\\\/\\\/labreva.com\\\/de\\\/\",\"logo\":{\"@type\":\"ImageObject\",\"inLanguage\":\"de\",\"@id\":\"https:\\\/\\\/labreva.com\\\/de\\\/#\\\/schema\\\/logo\\\/image\\\/\",\"url\":\"https:\\\/\\\/labreva.com\\\/wp-content\\\/uploads\\\/2025\\\/11\\\/Labreva_Logo_RGB_5.svg\",\"contentUrl\":\"https:\\\/\\\/labreva.com\\\/wp-content\\\/uploads\\\/2025\\\/11\\\/Labreva_Logo_RGB_5.svg\",\"caption\":\"LABREVA - Feriendomizile am Comer See\"},\"image\":{\"@id\":\"https:\\\/\\\/labreva.com\\\/de\\\/#\\\/schema\\\/logo\\\/image\\\/\"}}]}<\/script>\n<!-- \/ Yoast SEO plugin. -->","yoast_head_json":{"title":"Nido sul Lago - LABREVA - Feriendomizile am Comer See","robots":{"index":"index","follow":"follow","max-snippet":"max-snippet:-1","max-image-preview":"max-image-preview:large","max-video-preview":"max-video-preview:-1"},"canonical":"https:\/\/labreva.com\/de\/hausdetailseite\/nido-sul-lago\/","og_locale":"de_DE","og_type":"article","og_title":"Nido sul Lago - LABREVA - Feriendomizile am Comer See","og_description":"Dolce Vita pur erleben Sie hier in Nido sul Lago, \u00fcbersetzt das gem\u00fctliche \"Nest\" im romantischen St\u00e4dtchen Bellano am Ostufer des Comer Sees. Sie befinden sich direkt am\u00a0See und haben einen grandiosen Blick \u00fcber den See und auf die Berge des gegen\u00fcberliegenden Ufers.","og_url":"https:\/\/labreva.com\/de\/hausdetailseite\/nido-sul-lago\/","og_site_name":"LABREVA - Feriendomizile am Comer See","article_modified_time":"2026-01-20T16:43:09+00:00","og_image":[{"width":2048,"height":1536,"url":"https:\/\/labreva.com\/wp-content\/uploads\/2025\/12\/Nido-sul-Lago.jpg","type":"image\/jpeg"}],"twitter_card":"summary_large_image","twitter_misc":{"Gesch\u00e4tzte Lesezeit":"1\u00a0Minute"},"schema":{"@context":"https:\/\/schema.org","@graph":[{"@type":"WebPage","@id":"https:\/\/labreva.com\/de\/hausdetailseite\/nido-sul-lago\/","url":"https:\/\/labreva.com\/de\/hausdetailseite\/nido-sul-lago\/","name":"Nido sul Lago - LABREVA - Feriendomizile am Comer See","isPartOf":{"@id":"https:\/\/labreva.com\/de\/#website"},"primaryImageOfPage":{"@id":"https:\/\/labreva.com\/de\/hausdetailseite\/nido-sul-lago\/#primaryimage"},"image":{"@id":"https:\/\/labreva.com\/de\/hausdetailseite\/nido-sul-lago\/#primaryimage"},"thumbnailUrl":"https:\/\/labreva.com\/wp-content\/uploads\/2025\/12\/Nido-sul-Lago.jpg","datePublished":"2026-01-02T09:03:21+00:00","dateModified":"2026-01-20T16:43:09+00:00","breadcrumb":{"@id":"https:\/\/labreva.com\/de\/hausdetailseite\/nido-sul-lago\/#breadcrumb"},"inLanguage":"de","potentialAction":[{"@type":"ReadAction","target":["https:\/\/labreva.com\/de\/hausdetailseite\/nido-sul-lago\/"]}]},{"@type":"ImageObject","inLanguage":"de","@id":"https:\/\/labreva.com\/de\/hausdetailseite\/nido-sul-lago\/#primaryimage","url":"https:\/\/labreva.com\/wp-content\/uploads\/2025\/12\/Nido-sul-Lago.jpg","contentUrl":"https:\/\/labreva.com\/wp-content\/uploads\/2025\/12\/Nido-sul-Lago.jpg","width":2048,"height":1536},{"@type":"BreadcrumbList","@id":"https:\/\/labreva.com\/de\/hausdetailseite\/nido-sul-lago\/#breadcrumb","itemListElement":[{"@type":"ListItem","position":1,"name":"Startseite","item":"https:\/\/labreva.com\/de\/"},{"@type":"ListItem","position":2,"name":"Nido sul Lago"}]},{"@type":"WebSite","@id":"https:\/\/labreva.com\/de\/#website","url":"https:\/\/labreva.com\/de\/","name":"LABREVA - Feriendomizile am Comer See","description":"","publisher":{"@id":"https:\/\/labreva.com\/de\/#organization"},"potentialAction":[{"@type":"SearchAction","target":{"@type":"EntryPoint","urlTemplate":"https:\/\/labreva.com\/de\/?s={search_term_string}"},"query-input":{"@type":"PropertyValueSpecification","valueRequired":true,"valueName":"search_term_string"}}],"inLanguage":"de"},{"@type":"Organization","@id":"https:\/\/labreva.com\/de\/#organization","name":"LABREVA - Feriendomizile am Comer See","url":"https:\/\/labreva.com\/de\/","logo":{"@type":"ImageObject","inLanguage":"de","@id":"https:\/\/labreva.com\/de\/#\/schema\/logo\/image\/","url":"https:\/\/labreva.com\/wp-content\/uploads\/2025\/11\/Labreva_Logo_RGB_5.svg","contentUrl":"https:\/\/labreva.com\/wp-content\/uploads\/2025\/11\/Labreva_Logo_RGB_5.svg","caption":"LABREVA - Feriendomizile am Comer See"},"image":{"@id":"https:\/\/labreva.com\/de\/#\/schema\/logo\/image\/"}}]}},"_links":{"self":[{"href":"https:\/\/labreva.com\/de\/wp-json\/wp\/v2\/anlage\/78744","targetHints":{"allow":["GET"]}}],"collection":[{"href":"https:\/\/labreva.com\/de\/wp-json\/wp\/v2\/anlage"}],"about":[{"href":"https:\/\/labreva.com\/de\/wp-json\/wp\/v2\/types\/anlage"}],"wp:featuredmedia":[{"embeddable":true,"href":"https:\/\/labreva.com\/de\/wp-json\/wp\/v2\/media\/8466"}],"wp:attachment":[{"href":"https:\/\/labreva.com\/de\/wp-json\/wp\/v2\/media?parent=78744"}],"curies":[{"name":"wp","href":"https:\/\/api.w.org\/{rel}","templated":true}]}}

<p>Dolce Vita pur erleben Sie hier in Nido sul Lago, übersetzt das gemütliche &#8222;Nest&#8220; im romantischen Städtchen Bellano am Ostufer des Comer Sees. Sie befinden sich direkt am See und haben einen grandiosen Blick über den See und auf die Berge des gegenüberliegenden Ufers. </p>

<!-- This site is optimized with the Yoast SEO plugin v27.3 - https://yoast.com/product/yoast-seo-wordpress/ -->
<title>Nido sul Lago - LABREVA - Feriendomizile am Comer See</title>
<meta name="robots" content="index, follow, max-snippet:-1, max-image-preview:large, max-video-preview:-1" />
<link rel="canonical" href="https://labreva.com/de/hausdetailseite/nido-sul-lago/" />
<meta property="og:locale" content="de_DE" />
<meta property="og:type" content="article" />
<meta property="og:title" content="Nido sul Lago - LABREVA - Feriendomizile am Comer See" />
<meta property="og:description" content="Dolce Vita pur erleben Sie hier in Nido sul Lago, übersetzt das gemütliche &quot;Nest&quot; im romantischen Städtchen Bellano am Ostufer des Comer Sees. Sie befinden sich direkt am See und haben einen grandiosen Blick über den See und auf die Berge des gegenüberliegenden Ufers." />
<meta property="og:url" content="https://labreva.com/de/hausdetailseite/nido-sul-lago/" />
<meta property="og:site_name" content="LABREVA - Feriendomizile am Comer See" />
<meta property="article:modified_time" content="2026-01-20T16:43:09+00:00" />
<meta property="og:image" content="https://labreva.com/wp-content/uploads/2025/12/Nido-sul-Lago.jpg" />
	<meta property="og:image:width" content="2048" />
	<meta property="og:image:height" content="1536" />
	<meta property="og:image:type" content="image/jpeg" />
<meta name="twitter:card" content="summary_large_image" />
<meta name="twitter:label1" content="Geschätzte Lesezeit" />
	<meta name="twitter:data1" content="1 Minute" />
<script type="application/ld+json" class="yoast-schema-graph">{"@context":"https:\/\/schema.org","@graph":[{"@type":"WebPage","@id":"https:\/\/labreva.com\/de\/hausdetailseite\/nido-sul-lago\/","url":"https:\/\/labreva.com\/de\/hausdetailseite\/nido-sul-lago\/","name":"Nido sul Lago - LABREVA - Feriendomizile am Comer See","isPartOf":{"@id":"https:\/\/labreva.com\/de\/#website"},"primaryImageOfPage":{"@id":"https:\/\/labreva.com\/de\/hausdetailseite\/nido-sul-lago\/#primaryimage"},"image":{"@id":"https:\/\/labreva.com\/de\/hausdetailseite\/nido-sul-lago\/#primaryimage"},"thumbnailUrl":"https:\/\/labreva.com\/wp-content\/uploads\/2025\/12\/Nido-sul-Lago.jpg","datePublished":"2026-01-02T09:03:21+00:00","dateModified":"2026-01-20T16:43:09+00:00","breadcrumb":{"@id":"https:\/\/labreva.com\/de\/hausdetailseite\/nido-sul-lago\/#breadcrumb"},"inLanguage":"de","potentialAction":[{"@type":"ReadAction","target":["https:\/\/labreva.com\/de\/hausdetailseite\/nido-sul-lago\/"]}]},{"@type":"ImageObject","inLanguage":"de","@id":"https:\/\/labreva.com\/de\/hausdetailseite\/nido-sul-lago\/#primaryimage","url":"https:\/\/labreva.com\/wp-content\/uploads\/2025\/12\/Nido-sul-Lago.jpg","contentUrl":"https:\/\/labreva.com\/wp-content\/uploads\/2025\/12\/Nido-sul-Lago.jpg","width":2048,"height":1536},{"@type":"BreadcrumbList","@id":"https:\/\/labreva.com\/de\/hausdetailseite\/nido-sul-lago\/#breadcrumb","itemListElement":[{"@type":"ListItem","position":1,"name":"Startseite","item":"https:\/\/labreva.com\/de\/"},{"@type":"ListItem","position":2,"name":"Nido sul Lago"}]},{"@type":"WebSite","@id":"https:\/\/labreva.com\/de\/#website","url":"https:\/\/labreva.com\/de\/","name":"LABREVA - Feriendomizile am Comer See","description":"","publisher":{"@id":"https:\/\/labreva.com\/de\/#organization"},"potentialAction":[{"@type":"SearchAction","target":{"@type":"EntryPoint","urlTemplate":"https:\/\/labreva.com\/de\/?s={search_term_string}"},"query-input":{"@type":"PropertyValueSpecification","valueRequired":true,"valueName":"search_term_string"}}],"inLanguage":"de"},{"@type":"Organization","@id":"https:\/\/labreva.com\/de\/#organization","name":"LABREVA - Feriendomizile am Comer See","url":"https:\/\/labreva.com\/de\/","logo":{"@type":"ImageObject","inLanguage":"de","@id":"https:\/\/labreva.com\/de\/#\/schema\/logo\/image\/","url":"https:\/\/labreva.com\/wp-content\/uploads\/2025\/11\/Labreva_Logo_RGB_5.svg","contentUrl":"https:\/\/labreva.com\/wp-content\/uploads\/2025\/11\/Labreva_Logo_RGB_5.svg","caption":"LABREVA - Feriendomizile am Comer See"},"image":{"@id":"https:\/\/labreva.com\/de\/#\/schema\/logo\/image\/"}}]}</script>
<!-- / Yoast SEO plugin. -->

Dolce Vita pur erleben Sie hier in Nido sul Lago, übersetzt das gemütliche "Nest" im romantischen Städtchen Bellano am Ostufer des Comer Sees. Sie befinden sich direkt am See und haben einen grandiosen Blick über den See und auf die Berge des gegenüberliegenden Ufers.
